 - -6373?
-35524
In base 11, what is 554 + -91893?
-9133a
In base 14, what is -35674 - 2c?
-356a2
In base 8, what is -2 + -21560160?
-21560162
In base 15, what is 19a19de3 + -2?
19a19de1
In base 6, what is 44411 - -153005?
241420
In base 2, what is -100011010000100 + -11101001110?
-100110111010010
In base 8, what is -165063 - 434?
-165517
In base 16, what is 5 + -3762c?
-37627
In base 12, what is -3 + 386b213?
386b210
In base 12, what is 3a53a - 2a?
3a510
In base 2, what is 100010000000001000010101001 - -100?
100010000000001000010101101
In base 9, what is 44 + -580653?
-580608
In base 4, what is -2220 - -3121203?
3112323
In base 15, what is 17d + 390?
51d
In base 6, what is -10005011352 + -1?
-10005011353
In base 13, what is -19376a + -762?
-1941cc
In base 8, what is -3504674202 - 0?
-3504674202
In base 6, what is -13535404 - -51?
-13535313
In base 8, what is -5 + 150776310?
150776303
In base 8, what is 1 - 2464300?
-2464277
In base 5, what is -4301001020 - 10?
-4301001030
In base 6, what is 2401033011 - 3?
2401033004
In base 15, what is -2d0b224 - 4?
-2d0b228
In base 8, what is -44331 + 126?
-44203
In base 9, what is 34714 + 1104?
35818
In base 13, what is 56 - 40063?
-4000a
In base 15, what is -13ea + 7?
-13e3
In base 16, what is 5 - 350c4b?
-350c46
In base 4, what is 11133121 + -300?
11132221
In base 2, what is -100110101010000 - -100111?
-100110100101001
In base 3, what is -10 - 100010021010021?
-100010021010101
In base 14, what is 6a3 + 1c883?
1d146
In base 9, what is -67331 - 143?
-67474
In base 12, what is 22a5342 + 4?
22a5346
In base 16, what is -fc0d + 26?
-fbe7
In base 14, what is -89 + 2850c?
28463
In base 16, what is c60708 - 4?
c60704
In base 14, what is -3d79 - 290?
-4229
In base 10, what is -208 + -3354?
-3562
In base 4, what is 1301111013313 + -2?
1301111013311
In base 12, what is -1 + 11b3ab5?
11b3ab4
In base 11, what is -31 - 1565457?
-1565488
In base 4, what is -1331001201 + 310?
-1331000231
In base 13, what is 12203 - 67?
12169
In base 10, what is -525059 - -21?
-525038
In base 12, what is -9256 - 658?
-98b2
In base 12, what is -1178 - -4085?
2b09
In base 4, what is -102323203 + -12321?
-103002130
In base 6, what is 1 + 124525212?
124525213
In base 8, what is -10014 + 204551?
174535
In base 12, what is 12 - b5aaa?
-b5a98
In base 13, what is -153b + 1632?
c4
In base 13, what is 44 + -3481651?
-348160a
In base 15, what is b - -982a?
9836
In base 8, what is 4 + 73657435?
73657441
In base 5, what is 114130233 + -1314?
114123414
In base 9, what is 48 - 47605432?
-47605373
In base 16, what is -4610 - -e95?
-377b
In base 7, what is 2434350 + -1?
2434346
In base 6, what is -1120003 + 11212?
-1104351
In base 14, what is -6 - 181dcb6?
-181dcbc
In base 9, what is 122852 + -35?
122816
In base 3, what is -12 + -201101221220110?
-201101221220122
In base 16, what is -97ad - -190?
-961d
In base 15, what is 0 + 1133a30d?
1133a30d
In base 14, what is -6 - -36884d6?
36884d0
In base 12, what is 15199 + 59?
15236
In base 14, what is -c2 + 9c17?
9b35
In base 16, what is 249 - -1dc2f?
1de78
In base 2, what is 0 + 10100011010100001111?
10100011010100001111
In base 7, what is 1134 + -2302335?
-2301201
In base 14, what is -43d4675 - -1?
-43d4674
In base 6, what is -10105 - 453512?
-504021
In base 14, what is -95690 + -11?
-956a1
In base 13, what is -5297c203 + 0?
-5297c203
In base 8, what is 4 + -12475456?
-12475452
In base 7, what is -433 + 115212365?
115211632
In base 13, what is -4 - 3c6566?
-3c656a
In base 11, what is -390 - -933275?
932995
In base 4, what is -21 + 33201002102?
33201002021
In base 15, what is 49 + -a0d72?
-a0d28
In base 11, what is 2 - 48150754?
-48150752
In base 15, what is -134a9 + da?
-133be
In base 12, what is -158 + -85488?
-85624
In base 6, what is -130551505 + -43?
-130551552
In base 4, what is -21111103 + -1032?
-21112201
In base 2, what is 111011 + 1101100001110010101111?
1101100001110011101010
In base 14, what is 2 + 35c37a?
35c37c
In base 3, what is -10021000202102 - 1021?
-10021000210200
In base 7, what is 104122 + 51310?
155432
In base 10, what is -7618128 - 2?
-7618130
In base 16, what is -3 - 2f13c?
-2f13f
In base 5, what is 1034 + 13122132?
13123221
In base 12, what is -ba6bb + -1?
-ba700
In base 14, what is -31b0b8 + 74?
-31b044
In base 14, what is -322dd8 - -b?
-322dcb
In base 10, what is 185 - -51114?
51299
In base 13, what is -563c5 + -252?
-56647
In base 2, what is 1110101010 - -1011101000011010?
1011110111000100
In base 12, what is -13982a - -a?
-139820
In base 13, what is 2a + 5904?
5931
In base 9, what is 2435486 - -62?
2435558
In base 15, what is -3 + ec12a?
ec127
In base 11, what is -18806770 + 2?
-18806769
In base 8, what is -56160350 - 4?
-56160354
In base 7, what is -5440 + -12625?
-21365
In base 16, what is -1bb3e + -5d?
-1bb9b
In base 15, what is 3337e5 - 95?
333750
In base 8, what is 10 + -2621400?
-2621370
In base 15, what is -e + -81e50c?
-81e51b
In base 11, what is -5 + -181a40a?
-181a414
In base 8, what is 342207064 + -7?
342207055
In base 14, what is 126d7504 + 0?
126d7504
In base 4, what is 12031133 + 1012333?
13110132
In base 5, what is -203 - -212123344?
212123141
In base 3, what is -10201001200 - -11201?
-10200212222
In base 16, what is 1c + -1f270a?
-1f26ee
In base 12, what is -11207a0 - 1?
-11207a1
In base 15, what is -3 - 5c08250?
-5c08253
In base 3, what is -20 + 2211201100021?
2211201100001
In base 5, what is -240 - 14332011?
-14332301
In base 11, what is 8 + -1084a0171?
-1084a0164
In base 10, what is -4884 - -2269?
-2615
In base 16, what is -23 - -447688?
447665
In base 16, what is -104 + 80b39?
80a35
In base 6, what is 20 + 4313054335?
4313054355
In base 13, what is 426 + 20c96?
213bc
In base 2, what is -11001011110000101101110 - 1?
-11001011110000101101111
In base 16, what is 70c8af + 4?
70c8b3
In base 7, what is 3 + -1234336116?
-1234336113
In base 10, what is 10290 + 706?
10996
In base 9, what is 1280 - -30258?
31548
In base 10, what is 387135855 - -4?
387135859
In base 12, what is 20716 - 7bb?
1bb17
In base 11, what is 266872 + 1a?
266891
In base 13, what is -5026358 + -8?
-5026363
In base 16, what is -3a + b842a?
b83f0
In base 5, what is -24320224 + -103?
-24320332
In base 6, what is -123445001454 - 4?
-123445001502
In base 5, what is -14210 - 3240422?
-3310132
In base 2, what is 101 - 1011110010000100100101100?
-1011110010000100100100111
In base 5, what is 224240122 - -120?
224240242
In base 14, what is 15 - -6c44310?
6c44325
In base 7, what is 15414 - -111153?
126600
In base 15, what is -1a75 - -1e1?
-1884
In base 5, what is 1231 + 1004310?
1011041
In base 13, what is -2816bb8 + -1?
-2816bb9
In base 15, what is -265 - -e4d30?
e4aba
In base 5, what is -3310321 - 1?
-3310322
In base 14, what is 2dc - 662d?
-6331
In base 8, what is -3774 - 16765?
-22761
In base 8, what is -26 + -442517602?
-442517630
In base 15, what is 3 + 74ae087?
74ae08a
In base 7, what is 2565 - -104344?
110242
In base 9, what is 135 + 508186?
508332
In base 16, what is -2f + 2c746?
2c717
In base 2, what is -1001 - 100001100000100011110?
-100001100000100100111
In base 5, what is -130233412 - 2131?
-130241043
In base 5, what is 10 - 211324241?
-211324231
In base 14, what is -2898 - 62c?
-30c6
In base 2, what is 1011101 + -111001010110110011?
-111001010101010110
In base 11, what is -1449 + 173143?
1717a5
In base 7, what is -3 - -50265412?
50265406
In base 15, what is -a856d4 + 4?
-a856d0
In base 13, what is 5 + 42a78c17?
42a78c1c
In base 5, what is 2 + 3434440344?
3434440401
In base 4, what is 1023303200 + -112?
1023303022
In base 7, what is 421311460 + -5?
421311452
In base 16, what is -1 - -2da78f?
2da78e
In base 2, what is 10110111101000 - -10111111101?
11001111100101
In base 8, what is -245305144 + -5?
-245305151
In base 9, what is -268227368 - 2?
-268227371
In base 8, what is 2 - 11771135?
-11771133
In base 16, what is -1fd3667 - 4?
-1fd366b
In base 9, what is 4 - -3807717?
3807722
In base 5, what is 3014343 - -420?
3020313
In base 16, what is -563649 - -2?
-563647
In base 6, what is -141113 - 232050?
-413203
In base 3, what is 111 - -1211202121010?
1211202121121
In base 3, what is 1 - -2120122110220021?
2120122110220022
In base 15, what is 2 + -2e9cbb?
-2e9cb9
In base 9, what is 268171221 + 0?
2681